{"id":200,"date":"2011-07-25T15:29:51","date_gmt":"2011-07-25T15:29:51","guid":{"rendered":"http:\/\/www.lemanger.fr\/?page_id=200"},"modified":"2024-11-30T17:16:25","modified_gmt":"2024-11-30T16:16:25","slug":"contact","status":"publish","type":"page","link":"http:\/\/www.lemanger.fr\/index.php\/contact\/","title":{"rendered":"Contact"},"content":{"rendered":"<p><a href=\"http:\/\/www.lemanger.fr\/wp-content\/uploads\/2011\/11\/IMG_8277.jpg\"><img loading=\"lazy\" decoding=\"async\" class=\"alignleft size-medium wp-image-1974\" title=\"With my lobster friend, Coron, Philippines\" src=\"http:\/\/www.lemanger.fr\/wp-content\/uploads\/2011\/11\/IMG_8277-200x300.jpg\" alt=\"With my lobster friend, Coron, Philippines\" width=\"200\" height=\"300\" \/><\/a><\/p>\n<h3><strong>Camille Oger, journaliste et auteur freelance<\/strong><\/h3>\n<p>Ancienne journaliste aux Echos apr\u00e8s une formation en anthropologie, je vis \u00e0 pr\u00e9sent de mes reportages r\u00e9alis\u00e9s en France \u00e0 l&rsquo;\u00e9tranger. Ces dix derni\u00e8res ann\u00e9es, j&rsquo;ai habit\u00e9 en Islande,\u00a0au Groenland, aux Philippines, au Japon et \u00e0 Ta\u00efwan.\u00a0Je traite principalement des sujets de soci\u00e9t\u00e9 et de gastronomie. Mes principaux secteurs d&rsquo;intervention sont les suivants :<\/p>\n<h3><strong>La presse :\u00a0<\/strong><\/h3>\n<p>Je vends mes reportages et photos \u00e0 la presse fran\u00e7aise. Je r\u00e9alise \u00e9galement des travaux de traduction anglais-fran\u00e7ais pour certains journaux.<\/p>\n<h3><strong>L&rsquo;\u00e9dition :\u00a0<\/strong><\/h3>\n<p>J&rsquo;ai co-\u00e9crit 7 livres \u00e0 ce jour sur des sujets de soci\u00e9t\u00e9, d&rsquo;histoire et de gastronomie. Mon petit dernier, co-\u00e9crit avec Luna Kyung, s&rsquo;appelle <a href=\"http:\/\/www.lemanger.fr\/index.php\/lart-de-la-fermentation\/\" target=\"_blank\" rel=\"noopener\">L&rsquo;art de la fermentation<\/a>. Je vends parfois mes photos ind\u00e9pendamment des textes.\u00a0J&rsquo;ai \u00e9galement r\u00e9alis\u00e9 des travaux de traduction anglais-fran\u00e7ais pour des maisons d&rsquo;\u00e9dition.<\/p>\n<h3><strong>La t\u00e9l\u00e9vision :\u00a0<\/strong><\/h3>\n<p>J&rsquo;interviens comme consultante et fixeuse aupr\u00e8s des journalistes de la t\u00e9l\u00e9vision qui souhaitent r\u00e9aliser des reportages et documentaires. Les tarifs varient selon les travaux effectu\u00e9s (consultation g\u00e9n\u00e9rale, demande de contacts, intervention directe sur le terrain). Je travaille \u00e9galement en ce moment sur mes propres sujets de documentaires.<\/p>\n<p>Si vous avez besoin de mes services, n&rsquo;h\u00e9sitez pas \u00e0 me contacter. Vous pouvez me laisser un message sur <a href=\"https:\/\/www.instagram.com\/camille_oger_\/\" class=\"broken_link\">Instagram<\/a>.<\/p>\n<h3><strong>Ce blog :<\/strong><\/h3>\n<p>Vainqueur des Golden Blog Awards 2013 dans la cat\u00e9gorie Gastronomie, Le Manger s&rsquo;est impos\u00e9 en deux ans comme un site de r\u00e9f\u00e9rence sur les cultures culinaires d&rsquo;Extr\u00eame-Orient. Il s&rsquo;agit d&rsquo;un blog int\u00e9gralement ind\u00e9pendant et gratuit.<\/p>\n<p>L&rsquo;id\u00e9e est simple : dans les pays o\u00f9 j&rsquo;ai v\u00e9cu &#8211; et ailleurs &#8211; je visite des lieux de production, des march\u00e9s, des usines et cuisines, \u00e0 la recherche de produits et traditions dont je livre l&rsquo;histoire. Le but est de redonner du sens au manger : pourquoi mange-t-on \u00e7a ici et pas l\u00e0, d&rsquo;o\u00f9 vient ce machin, comment le pr\u00e9pare-t-on, le mange-t-on ? Avec qui, \u00e0 quelle occasion ? Voil\u00e0 le genre de questions qu&rsquo;on se pose ici. Et auxquelles je tente d&rsquo;apporter des r\u00e9ponses.<\/p>\n<p>En bref, \u00e0 travers des reportages, des recettes, des pr\u00e9sentations de restaurants, je rappelle les contextes historique, g\u00e9ographique, sociologique et culturel du manger. Bonne lecture !<\/p>\n","protected":false},"excerpt":{"rendered":"<p>Camille Oger, journaliste et auteur freelance Ancienne journaliste aux Echos apr\u00e8s une formation en anthropologie, je vis \u00e0 pr\u00e9sent de mes reportages r\u00e9alis\u00e9s en France \u00e0 l&rsquo;\u00e9tranger. Ces dix derni\u00e8res ann\u00e9es, j&rsquo;ai habit\u00e9 en Islande,\u00a0au Groenland,&#8230;<\/p>\n","protected":false},"author":1,"featured_media":0,"parent":0,"menu_order":0,"comment_status":"closed","ping_status":"open","template":"","meta":{"footnotes":""},"class_list":["post-200","page","type-page","status-publish","hentry"],"yoast_head":"<!-- This site is optimized with the Yoast SEO plugin v24.9 - https:\/\/yoast.com\/wordpress\/plugins\/seo\/ -->\n<title>Camille Oger, journaliste freelance, auteur du blog Le Manger<\/title>\n<meta name=\"description\" content=\"Camille Oger, journaliste freelance, auteur du blog Le Manger, sp\u00e9cialiste de l&#039;ethno-gastronomie au Japon, aux Philippines, \u00e0 Ta\u00efwan, en Chine et en France\" \/>\n<meta name=\"robots\" content=\"index, follow, max-snippet:-1, max-image-preview:large, max-video-preview:-1\" \/>\n<link rel=\"canonical\" href=\"http:\/\/www.lemanger.fr\/index.php\/contact\/\" \/>\n<meta property=\"og:locale\" content=\"fr_FR\" \/>\n<meta property=\"og:type\" content=\"article\" \/>\n<meta property=\"og:title\" content=\"Camille Oger, journaliste freelance, auteur du blog Le Manger\" \/>\n<meta property=\"og:description\" content=\"Camille Oger, journaliste freelance, auteur du blog Le Manger, sp\u00e9cialiste de l&#039;ethno-gastronomie au Japon, aux Philippines, \u00e0 Ta\u00efwan, en Chine et en France\" \/>\n<meta property=\"og:url\" content=\"http:\/\/www.lemanger.fr\/index.php\/contact\/\" \/>\n<meta property=\"og:site_name\" content=\"le manger\" \/>\n<meta property=\"article:publisher\" content=\"https:\/\/www.facebook.com\/lemanger.fr\" \/>\n<meta property=\"article:modified_time\" content=\"2024-11-30T16:16:25+00:00\" \/>\n<meta property=\"og:image\" content=\"http:\/\/www.lemanger.fr\/wp-content\/uploads\/2011\/11\/IMG_8277-200x300.jpg\" \/>\n<meta name=\"twitter:card\" content=\"summary_large_image\" \/>\n<meta name=\"twitter:site\" content=\"@heimsendi\" \/>\n<meta name=\"twitter:label1\" content=\"Dur\u00e9e de lecture estim\u00e9e\" \/>\n\t<meta name=\"twitter:data1\" content=\"2 minutes\" \/>\n<script type=\"application\/ld+json\" class=\"yoast-schema-graph\">{\"@context\":\"https:\/\/schema.org\",\"@graph\":[{\"@type\":\"WebPage\",\"@id\":\"http:\/\/www.lemanger.fr\/index.php\/contact\/\",\"url\":\"http:\/\/www.lemanger.fr\/index.php\/contact\/\",\"name\":\"Camille Oger, journaliste freelance, auteur du blog Le Manger\",\"isPartOf\":{\"@id\":\"http:\/\/www.lemanger.fr\/#website\"},\"primaryImageOfPage\":{\"@id\":\"http:\/\/www.lemanger.fr\/index.php\/contact\/#primaryimage\"},\"image\":{\"@id\":\"http:\/\/www.lemanger.fr\/index.php\/contact\/#primaryimage\"},\"thumbnailUrl\":\"http:\/\/www.lemanger.fr\/wp-content\/uploads\/2011\/11\/IMG_8277-200x300.jpg\",\"datePublished\":\"2011-07-25T15:29:51+00:00\",\"dateModified\":\"2024-11-30T16:16:25+00:00\",\"description\":\"Camille Oger, journaliste freelance, auteur du blog Le Manger, sp\u00e9cialiste de l'ethno-gastronomie au Japon, aux Philippines, \u00e0 Ta\u00efwan, en Chine et en France\",\"breadcrumb\":{\"@id\":\"http:\/\/www.lemanger.fr\/index.php\/contact\/#breadcrumb\"},\"inLanguage\":\"fr-FR\",\"potentialAction\":[{\"@type\":\"ReadAction\",\"target\":[\"http:\/\/www.lemanger.fr\/index.php\/contact\/\"]}]},{\"@type\":\"ImageObject\",\"inLanguage\":\"fr-FR\",\"@id\":\"http:\/\/www.lemanger.fr\/index.php\/contact\/#primaryimage\",\"url\":\"http:\/\/www.lemanger.fr\/wp-content\/uploads\/2011\/11\/IMG_8277.jpg\",\"contentUrl\":\"http:\/\/www.lemanger.fr\/wp-content\/uploads\/2011\/11\/IMG_8277.jpg\",\"width\":300,\"height\":450,\"caption\":\"With my lobster friend, Coron, Philippines\"},{\"@type\":\"BreadcrumbList\",\"@id\":\"http:\/\/www.lemanger.fr\/index.php\/contact\/#breadcrumb\",\"itemListElement\":[{\"@type\":\"ListItem\",\"position\":1,\"name\":\"Accueil\",\"item\":\"http:\/\/www.lemanger.fr\/\"},{\"@type\":\"ListItem\",\"position\":2,\"name\":\"Contact\"}]},{\"@type\":\"WebSite\",\"@id\":\"http:\/\/www.lemanger.fr\/#website\",\"url\":\"http:\/\/www.lemanger.fr\/\",\"name\":\"le manger\",\"description\":\"Le blog d&#039;ethno-gastronomie qui d\u00e9crypte le pourquoi et le comment du manger\",\"potentialAction\":[{\"@type\":\"SearchAction\",\"target\":{\"@type\":\"EntryPoint\",\"urlTemplate\":\"http:\/\/www.lemanger.fr\/?s={search_term_string}\"},\"query-input\":{\"@type\":\"PropertyValueSpecification\",\"valueRequired\":true,\"valueName\":\"search_term_string\"}}],\"inLanguage\":\"fr-FR\"}]}<\/script>\n<!-- \/ Yoast SEO plugin. -->","yoast_head_json":{"title":"Camille Oger, journaliste freelance, auteur du blog Le Manger","description":"Camille Oger, journaliste freelance, auteur du blog Le Manger, sp\u00e9cialiste de l'ethno-gastronomie au Japon, aux Philippines, \u00e0 Ta\u00efwan, en Chine et en France","robots":{"index":"index","follow":"follow","max-snippet":"max-snippet:-1","max-image-preview":"max-image-preview:large","max-video-preview":"max-video-preview:-1"},"canonical":"http:\/\/www.lemanger.fr\/index.php\/contact\/","og_locale":"fr_FR","og_type":"article","og_title":"Camille Oger, journaliste freelance, auteur du blog Le Manger","og_description":"Camille Oger, journaliste freelance, auteur du blog Le Manger, sp\u00e9cialiste de l'ethno-gastronomie au Japon, aux Philippines, \u00e0 Ta\u00efwan, en Chine et en France","og_url":"http:\/\/www.lemanger.fr\/index.php\/contact\/","og_site_name":"le manger","article_publisher":"https:\/\/www.facebook.com\/lemanger.fr","article_modified_time":"2024-11-30T16:16:25+00:00","og_image":[{"url":"http:\/\/www.lemanger.fr\/wp-content\/uploads\/2011\/11\/IMG_8277-200x300.jpg","type":"","width":"","height":""}],"twitter_card":"summary_large_image","twitter_site":"@heimsendi","twitter_misc":{"Dur\u00e9e de lecture estim\u00e9e":"2 minutes"},"schema":{"@context":"https:\/\/schema.org","@graph":[{"@type":"WebPage","@id":"http:\/\/www.lemanger.fr\/index.php\/contact\/","url":"http:\/\/www.lemanger.fr\/index.php\/contact\/","name":"Camille Oger, journaliste freelance, auteur du blog Le Manger","isPartOf":{"@id":"http:\/\/www.lemanger.fr\/#website"},"primaryImageOfPage":{"@id":"http:\/\/www.lemanger.fr\/index.php\/contact\/#primaryimage"},"image":{"@id":"http:\/\/www.lemanger.fr\/index.php\/contact\/#primaryimage"},"thumbnailUrl":"http:\/\/www.lemanger.fr\/wp-content\/uploads\/2011\/11\/IMG_8277-200x300.jpg","datePublished":"2011-07-25T15:29:51+00:00","dateModified":"2024-11-30T16:16:25+00:00","description":"Camille Oger, journaliste freelance, auteur du blog Le Manger, sp\u00e9cialiste de l'ethno-gastronomie au Japon, aux Philippines, \u00e0 Ta\u00efwan, en Chine et en France","breadcrumb":{"@id":"http:\/\/www.lemanger.fr\/index.php\/contact\/#breadcrumb"},"inLanguage":"fr-FR","potentialAction":[{"@type":"ReadAction","target":["http:\/\/www.lemanger.fr\/index.php\/contact\/"]}]},{"@type":"ImageObject","inLanguage":"fr-FR","@id":"http:\/\/www.lemanger.fr\/index.php\/contact\/#primaryimage","url":"http:\/\/www.lemanger.fr\/wp-content\/uploads\/2011\/11\/IMG_8277.jpg","contentUrl":"http:\/\/www.lemanger.fr\/wp-content\/uploads\/2011\/11\/IMG_8277.jpg","width":300,"height":450,"caption":"With my lobster friend, Coron, Philippines"},{"@type":"BreadcrumbList","@id":"http:\/\/www.lemanger.fr\/index.php\/contact\/#breadcrumb","itemListElement":[{"@type":"ListItem","position":1,"name":"Accueil","item":"http:\/\/www.lemanger.fr\/"},{"@type":"ListItem","position":2,"name":"Contact"}]},{"@type":"WebSite","@id":"http:\/\/www.lemanger.fr\/#website","url":"http:\/\/www.lemanger.fr\/","name":"le manger","description":"Le blog d&#039;ethno-gastronomie qui d\u00e9crypte le pourquoi et le comment du manger","potentialAction":[{"@type":"SearchAction","target":{"@type":"EntryPoint","urlTemplate":"http:\/\/www.lemanger.fr\/?s={search_term_string}"},"query-input":{"@type":"PropertyValueSpecification","valueRequired":true,"valueName":"search_term_string"}}],"inLanguage":"fr-FR"}]}},"_links":{"self":[{"href":"http:\/\/www.lemanger.fr\/index.php\/wp-json\/wp\/v2\/pages\/200","targetHints":{"allow":["GET"]}}],"collection":[{"href":"http:\/\/www.lemanger.fr\/index.php\/wp-json\/wp\/v2\/pages"}],"about":[{"href":"http:\/\/www.lemanger.fr\/index.php\/wp-json\/wp\/v2\/types\/page"}],"author":[{"embeddable":true,"href":"http:\/\/www.lemanger.fr\/index.php\/wp-json\/wp\/v2\/users\/1"}],"replies":[{"embeddable":true,"href":"http:\/\/www.lemanger.fr\/index.php\/wp-json\/wp\/v2\/comments?post=200"}],"version-history":[{"count":18,"href":"http:\/\/www.lemanger.fr\/index.php\/wp-json\/wp\/v2\/pages\/200\/revisions"}],"predecessor-version":[{"id":11356,"href":"http:\/\/www.lemanger.fr\/index.php\/wp-json\/wp\/v2\/pages\/200\/revisions\/11356"}],"wp:attachment":[{"href":"http:\/\/www.lemanger.fr\/index.php\/wp-json\/wp\/v2\/media?parent=200"}],"curies":[{"name":"wp","href":"https:\/\/api.w.org\/{rel}","templated":true}]}}